5, what is -114104 + 3?
-114101
In base 5, what is 10 + -24?
-14
In base 2, what is -10001010001 - -100?
-10001001101
In base 11, what is 714 - 2?
712
In base 15, what is 8 + -1a?
-12
In base 15, what is 22d + 5?
233
In base 12, what is 4254 + -5?
424b
In base 13, what is -2 + 507?
505
In base 7, what is -2 - 256?
-261
In base 16, what is 98 + -5?
93
In base 15, what is -3 + 1e1?
1dd
In base 12, what is 9bb - -3?
a02
In base 14, what is 4 - 62?
-5c
In base 3, what is 12212 - 12?
12200
In base 15, what is 7 - -dc?
e4
In base 10, what is 9429 - 5?
9424
In base 4, what is 130 + 1112?
1302
In base 12, what is 10 + 4?
14
In base 9, what is -2837 + -1?
-2838
In base 6, what is 3 + -220?
-213
In base 12, what is -5 + -283?
-288
In base 6, what is -3 - 240?
-243
In base 15, what is -34 - 9?
-3d
In base 6, what is 24 + -5?
15
In base 8, what is 146 + -4?
142
In base 4, what is 1131 - 3?
1122
In base 4, what is 11 - 213?
-202
In base 2, what is 1111000 - 101?
1110011
In base 3, what is -111 + 110?
-1
In base 12, what is -135 + 0?
-135
In base 11, what is 12 - -5?
17
In base 10, what is 2 + -10?
-8
In base 15, what is -61 + -3?
-64
In base 2, what is 111000011 - 101?
110111110
In base 12, what is 2317 - -2?
2319
In base 14, what is 1d9 + -2?
1d7
In base 8, what is 13 - 5?
6
In base 2, what is 0 + 1101110?
1101110
In base 4, what is 10 - -1120?
1130
In base 8, what is -403 - 4?
-407
In base 3, what is 221101 - -2?
221110
In base 9, what is -1 - 47?
-48
In base 6, what is -2 + 5230?
5224
In base 6, what is -1534 + 12?
-1522
In base 5, what is -10 + -123?
-133
In base 3, what is -12 + 1002220?
1002201
In base 5, what is 1132 + 3?
1140
In base 15, what is a4 + 29?
cd
In base 7, what is 4 + 516?
523
In base 14, what is d31 - 1?
d30
In base 14, what is -15 - 1d2?
-207
In base 8, what is 0 - 313?
-313
In base 3, what is 11 - -10121?
10202
In base 5, what is -1421 - -2?
-1414
In base 11, what is 2 + -42?
-40
In base 6, what is -351 + -113?
-504
In base 5, what is 43104 - -2?
43111
In base 5, what is 21 - -4231?
4302
In base 2, what is -11100110111 - 100?
-11100111011
In base 12, what is -5 - 43b?
-444
In base 8, what is 0 - 6?
-6
In base 6, what is -1 + 1042?
1041
In base 3, what is 20112002 + -1?
20112001
In base 12, what is -a77 - -3?
-a74
In base 12, what is 9 - 213?
-206
In base 3, what is 2 - 11020?
-11011
In base 10, what is 2 + 1355?
1357
In base 12, what is 7 + -46?
-3b
In base 13, what is 6 - 129?
-123
In base 14, what is 3 - -389?
38c
In base 12, what is 0 + aaa?
aaa
In base 3, what is -1110 + 1110?
0
In base 8, what is -4 + -2352?
-2356
In base 16, what is 5 + 42?
47
In base 4, what is -131 - 33?
-230
In base 13, what is 0 + 175?
175
In base 4, what is -1121 - -2?
-1113
In base 13, what is -874 + 21?
-853
In base 14, what is -1 - -c63?
c62
In base 15, what is -1 - 4e?
-50
In base 16, what is -3 + -46b?
-46e
In base 7, what is 12 - -6?
21
In base 9, what is 3 + 74?
77
In base 8, what is 3 + 222?
225
In base 7, what is 5 + -136?
-131
In base 3, what is 1210 + -11?
1122
In base 8, what is -20 - -5?
-13
In base 13, what is -21155 + 0?
-21155
In base 6, what is -21025 - 1?
-21030
In base 11, what is 25 + 0?
25
In base 7, what is 221513 - -1?
221514
In base 9, what is -17 + 1?
-16
In base 15, what is 3c1 - -2?
3c3
In base 7, what is 10 - -1345?
1355
In base 3, what is 1120110 + 12?
1120122
In base 11, what is 2 - 1?
1
In base 8, what is 42 - 203?
-141
In base 2, what is -1010 + 101?
-101
In base 5, what is -142 + -231?
-423
In base 5, what is 200 - 11?
134
In base 4, what is 2 + -3313?
-3311
In base 16, what is 201 - 0?
201
In base 8, what is 0 - -416?
416
In base 11, what is 189 - -4?
192
In base 6, what is 3 + -211?
-204
In base 12, what is 1aa + -3?
1a7
In base 11, what is 51 - -4?
55
In base 10, what is 117 - 1?
116
In base 2, what is -111111011100 + 101?
-111111010111
In base 2, what is -10111001111011 + -10?
-10111001111101
In base 6, what is -14 - -4143?
4125
In base 16, what is 0 + -bbf?
-bbf
In base 14, what is a0 + -1?
9d
In base 2, what is -100 - 10111010?
-10111110
In base 2, what is -1 + 1110011011100?
1110011011011
In base 7, what is 21 - 604?
-553
In base 6, what is -10 - 35344?
-35354
In base 9, what is -10253 + 1?
-10252
In base 8, what is 67 + 40?
127
In base 4, what is 21022 - 1?
21021
In base 12, what is 1 + 60a?
60b
In base 15, what is 82 - 17?
6a
In base 5, what is 233 + -4?
224
In base 15, what is -16e - -2?
-16c
In base 15, what is -166 - 5?
-16b
In base 14, what is 1a - 1?
19
In base 15, what is 5 - 131?
-12b
In base 11, what is -1944 + -5?
-1949
In base 5, what is -1113 - 0?
-1113
In base 12, what is 2860 + -2?
285a
In base 13, what is 367 + 4?
36b
In base 9, what is -11 + 1052?
1041
In base 6, what is 0 + -301?
-301
In base 7, what is 3 + 31?
34
In base 15, what is e + -4?
a
In base 8, what is -3 - 44?
-47
In base 13, what is a0 - 3?
9a
In base 14, what is -4 + 89?
85
In base 14, what is 13 + -3?
10
In base 7, what is -1405 + -3?
-1411
In base 6, what is 10 + 1454?
1504
In base 7, what is 1504 - 4?
1500
In base 7, what is -1305 - -55?
-1220
In base 5, what is 40 - -200?
240
In base 7, what is 430 - -11?
441
In base 15, what is -4 - 2a?
-2e
In base 5, what is -1420 - -2?
-1413
In base 12, what is 2 - 29?
-27
In base 16, what is 1 + 2e?
2f
In base 4, what is -1 + 1011323?
1011322
In base 10, what is -706 + -5?
-711
In base 11, what is 25 + -64?
-3a
In base 15, what is 7ad + -2?
7ab
In base 15, what is -5dc + -3?
-5e0
In base 14, what is -73 + -1?
-74
In base 13, what is -a - -28?
1b
In base 7, what is -6602 - -5?
-6564
In base 11, what is 2 - -155?
157
In base 16, what is 2 + -1?
1
In base 7, what is -1 + 3034?
3033
In base 4, what is -13 + 1201?
1122
In base 7, what is -15224 + -2?
-15226
In base 15, what is -1c77 + -5?
-1c7c
In base 14, what is 45 - -3?
48
In base 16, what is -10c - -3?
-109
In base 16, what is 6 + df4?
dfa
In base 12, what is -3b - -2?
-39
In base 8, what is -1376 - -1?
-1375
In base 15, what is 2d5 - -b?
2e1
In base 4, what is 20333 - -2?
21001
In base 15, what is 4 - -53?
57
In base 2, what is -1001 - 101?
-1110
In base 15, what is -9 - -87?
7d
In base 12, what is -9 + -2?
-b
In base 4, what is -1131 - -312?
-213
In base 14, what is 1112 - -2?
1114
In base 13, what is 4 - 532?
-52b
In base 9, what is 34123 + -5?
34117
In base 2, what is -11 - 10100011?
-10100110
In base 4, what is 33000 - 11?
32323
In base 9, what is 241 + -6?
234
In base 14, what is -8 - 11?
-19
In base 11, what is -3371 - 3?
-3374
In base 14, what is -2 + -215?
-217
In base 3, what is 2122102 + 1?
2122110
In base 2, what is -1 + -11001?
-11010
In base 9, what is -45 + 17?
-27
In base 4, what is 222 + 132?
1020
In base 8, what is -5 + 71?
64
In base 3, what is -1110 - 100?
-1210
In base 16, what is 0 + 25?
25
In base 2, what is 11 + 1100101011?
1100101110
In base 7, what is 4 - 13?
-6
In base 2, what is 100 + 101011?
101111
In base 16, what is 1 - -91?
92
In base 15, what is -1634 - 3?
-1637
In base 3, what is 11201 + 2?
11210
In base 14, what is -354 - -2?
-352
In base 2, what is 0 - -1000010010101?
1000010010101
In base 14, what is 1 + -684?
-683
In base 2, what is 1001011111111 - -100?
1001100000011
In base 8, what is -1 + 4572?
4571
In base 7, what is -524 - -5?
-516
In base 6, what is -13332 - 5?
-13341
In base 7, what is -132 - -3?
-126
In base 2, what is 1110101000 + -1?
1110100111
In base 3, what is -11 - 12112?
-12200
In base 14, what is -10 + -a?
-1a
In base 12, what is -25a - -13?
-247
In base 9, what is -2331 + 0?
-2331
In base 12, what is -3 + 120?
119
In base 15, what is 0 - 10?
-10
In base 16, what is -30 + -27?
-57
In base 16, what is -2 + 56?
54
In base 5, what is -1301 + 10?
-1241
In base 4, what is 102113 - 11?
102102
In base 11, what is 1 - 2379?
-2378
In base 5, what is 1 + -42402?
-42401
In base 4, what is 2 - 110?
-102
In base 14, what is 5 - 5a?
-55
In base 5, what is -1441 - -10?
-1431
In base 16, what is -5 + -205?
-20a
In base 5, what is -13 + -24?
-42
In base 9, what is -5 + 40?
34
In base 9, what is -3 + -23?
-26
In base 9, what is 806 + -2?
804
In base 16, what is 0 + -b3?
-b3
In base 16, what is 0 + 3f?
3f
In base 6, what is -50 + 5111?
5021
In base 2, what is 111110 - 100100101?
-11100111
In base 13, what i